{"id":8,"date":"2023-04-07T07:26:01","date_gmt":"2023-04-07T07:26:01","guid":{"rendered":"https:\/\/hablemosdepiano.com\/?page_id=8"},"modified":"2023-04-13T09:28:58","modified_gmt":"2023-04-13T09:28:58","slug":"estas-buscando-un-piano-electronico","status":"publish","type":"page","link":"https:\/\/hablemosdepiano.com\/","title":{"rendered":"\u00bfEst\u00e1s buscando un piano electr\u00f3nico?"},"content":{"rendered":"\n<p>Consigue el mejor piano electr\u00f3nico adaptado a tus necesidades.<\/p>\n\n\n\n<p>Accede a los&nbsp;<strong>mejores precios<\/strong>, compara&nbsp;<strong>opiniones<\/strong>&nbsp;y<strong>&nbsp;<\/strong>conoce con nuestras<strong>&nbsp;rese\u00f1as<\/strong>, todo lo que necesitas saber para conseguir el mejor instrumento digital con el presupuesto que tengas.<\/p>\n\n\n\n<div style=\"height:33px\" aria-hidden=\"true\" class=\"wp-block-spacer\"><\/div>\n\n\n\n<h2 class=\"wp-block-heading\">An\u00e1lisis de los mejores pianos electr\u00f3nicos de 2023<\/h2>\n\n\n\n<p><strong>Haz clic&nbsp;<\/strong>en las im\u00e1genes siguientes para&nbsp;<strong>leer las rese\u00f1as<\/strong>&nbsp;de los mejores pianos digitales del momento.<\/p>\n\n\n\n<div class=\"wp-block-columns is-layout-flex wp-container-4\">\n<div class=\"wp-block-column is-layout-flow\">\n<figure class=\"wp-block-image aligncenter size-full\"><a href=\"https:\/\/hablemosdepiano.com\/index.php\/resena-yamaha-p-45-piano-digital\/\"><img decoding=\"async\" loading=\"lazy\" width=\"250\" height=\"250\" src=\"https:\/\/hablemosdepiano.com\/wp-content\/uploads\/2023\/04\/yamaha-p-45-piano-digital.jpg\" alt=\"\" class=\"wp-image-48\" srcset=\"https:\/\/hablemosdepiano.com\/wp-content\/uploads\/2023\/04\/yamaha-p-45-piano-digital.jpg 250w, https:\/\/hablemosdepiano.com\/wp-content\/uploads\/2023\/04\/yamaha-p-45-piano-digital-150x150.jpg 150w\" sizes=\"(max-width: 250px) 100vw, 250px\" \/><\/a><\/figure>\n<\/div>\n\n\n\n<div class=\"wp-block-column is-layout-flow\">\n<figure class=\"wp-block-image aligncenter size-full\"><a href=\"https:\/\/hablemosdepiano.com\/index.php\/resena-alesis-recital-grand-piano-digital\/\"><img decoding=\"async\" loading=\"lazy\" width=\"250\" height=\"250\" src=\"https:\/\/hablemosdepiano.com\/wp-content\/uploads\/2023\/04\/alesis-recital-grand-piano-digital.jpg\" alt=\"\" class=\"wp-image-49\" srcset=\"https:\/\/hablemosdepiano.com\/wp-content\/uploads\/2023\/04\/alesis-recital-grand-piano-digital.jpg 250w, https:\/\/hablemosdepiano.com\/wp-content\/uploads\/2023\/04\/alesis-recital-grand-piano-digital-150x150.jpg 150w\" sizes=\"(max-width: 250px) 100vw, 250px\" \/><\/a><\/figure>\n<\/div>\n\n\n\n<div class=\"wp-block-column is-layout-flow\">\n<figure class=\"wp-block-image aligncenter size-full\"><a href=\"https:\/\/hablemosdepiano.com\/index.php\/resena-yamaha-p-125b-piano-digital\/\"><img decoding=\"async\" loading=\"lazy\" width=\"250\" height=\"250\" src=\"https:\/\/hablemosdepiano.com\/wp-content\/uploads\/2023\/04\/yamaha-p-125B-piano-digital.jpg\" alt=\"\" class=\"wp-image-50\" srcset=\"https:\/\/hablemosdepiano.com\/wp-content\/uploads\/2023\/04\/yamaha-p-125B-piano-digital.jpg 250w, https:\/\/hablemosdepiano.com\/wp-content\/uploads\/2023\/04\/yamaha-p-125B-piano-digital-150x150.jpg 150w\" sizes=\"(max-width: 250px) 100vw, 250px\" \/><\/a><\/figure>\n<\/div>\n<\/div>\n\n\n\n<div style=\"height:29px\" aria-hidden=\"true\" class=\"wp-block-spacer\"><\/div>\n\n\n\n<h2 class=\"wp-block-heading\">Cat\u00e1logo de los pianos digitales m\u00e1s vendidos<\/h2>\n\n\n\n<p>Estos son los pianos electr\u00f3nicos m\u00e1s vendidos.&nbsp;<strong>Haz clic<\/strong>&nbsp;en ellos para&nbsp;<strong>conocer sus caracter\u00edsticas o leer las opiniones<\/strong>&nbsp;de los usuarios.<\/p>\n\n\n\n<ul>\n<li><a href=\"https:\/\/hablemosdepiano.com\/index.php\/resena-alesis-recital-piano-digital\/\">Alesis Recital<\/a><\/li>\n\n\n\n<li><a href=\"https:\/\/hablemosdepiano.com\/index.php\/resena-alesis-recital-pro-piano-digital\/\">Alesis Recital Pro<\/a><\/li>\n\n\n\n<li><a href=\"https:\/\/hablemosdepiano.com\/index.php\/resena-alesis-recital-grand-piano-digital\/\">Alesis Recital Grand<\/a><\/li>\n\n\n\n<li><a href=\"https:\/\/hablemosdepiano.com\/index.php\/resena-alesis-recital-piano-digital\/\">Alesis Prestige Artist<\/a><\/li>\n\n\n\n<li><a href=\"https:\/\/hablemosdepiano.com\/index.php\/resena-yamaha-p-45-piano-digital\/\">Yamaha P-45<\/a><\/li>\n\n\n\n<li><a href=\"https:\/\/hablemosdepiano.com\/index.php\/resena-yamaha-p-125b-piano-digital\/\">Yamaha P-125<\/a><\/li>\n\n\n\n<li><a href=\"https:\/\/hablemosdepiano.com\/index.php\/resena-yamaha-p-121b-piano-digital\/\">Yamaha P-121<\/a><\/li>\n\n\n\n<li><a href=\"https:\/\/hablemosdepiano.com\/index.php\/resena-yamaha-arius-ydp-s34-piano-digital\/\">Yamaha Arius YPD-S34<\/a><\/li>\n\n\n\n<li><a href=\"https:\/\/hablemosdepiano.com\/index.php\/resena-yamaha-arius-ydp-144-piano-digital\/\">Yamaha Arius YDP-144<\/a><\/li>\n<\/ul>\n\n\n\n<div style=\"height:31px\" aria-hidden=\"true\" class=\"wp-block-spacer\"><\/div>\n\n\n\n<h2 class=\"wp-block-heading\">Tipos de pianos electr\u00f3nicos<\/h2>\n\n\n\n<p>Existen cinco grandes tipos de pianos electr\u00f3nicos. <strong>Haz clic&nbsp;<\/strong>en las im\u00e1genes siguientes para<strong>&nbsp;conocer las importantes diferencias&nbsp;<\/strong>que hay entre ellos.<\/p>\n\n\n\n<ol>\n<li>Pianos de escenario: son pianos port\u00e1tiles dise\u00f1ados para m\u00fasicos en giras o conciertos en vivo. Son ligeros y f\u00e1ciles de transportar.<\/li>\n\n\n\n<li>Pianos de mueble: tienen un dise\u00f1o similar al de los pianos ac\u00fasticos, con una carcasa de madera y un soporte. Ofrecen una experiencia m\u00e1s aut\u00e9ntica de tocar el piano.<\/li>\n\n\n\n<li>Pianos de consola: son m\u00e1s peque\u00f1os que los pianos de mueble y se ajustan bien a espacios m\u00e1s peque\u00f1os, como apartamentos o estudios.<\/li>\n\n\n\n<li>Pianos verticales: tienen un dise\u00f1o vertical similar al de los pianos ac\u00fasticos, pero con tecnolog\u00eda digital en su interior.<\/li>\n\n\n\n<li>Pianos de cola: tienen un dise\u00f1o similar al de los pianos de cola ac\u00fasticos y ofrecen una experiencia m\u00e1s aut\u00e9ntica de tocar el piano. Son m\u00e1s grandes y requieren m\u00e1s espacio que otros tipos de pianos digitales.<\/li>\n<\/ol>\n\n\n\n<div style=\"height:31px\" aria-hidden=\"true\" class=\"wp-block-spacer\"><\/div>\n\n\n\n<h2 class=\"wp-block-heading\">Mejores pianos digitales 2023 por marca<\/h2>\n\n\n\n<p>Estas son las&nbsp;<strong>marcas m\u00e1s top del momento<\/strong>, ya sea por su elevado n\u00famero de ventas, como por la calidad de sus productos y la buena valoraci\u00f3n de los usuarios. Haz clic para conocerlas mejor.<\/p>\n\n\n\n<ol>\n<li><a href=\"https:\/\/hablemosdepiano.com\/index.php\/piano-digital-yamaha\/\">Yamaha<\/a><\/li>\n\n\n\n<li><a href=\"https:\/\/hablemosdepiano.com\/index.php\/piano-digital-roland\/\">Roland<\/a><\/li>\n\n\n\n<li>Kawai<\/li>\n\n\n\n<li>Casio<\/li>\n\n\n\n<li><a href=\"https:\/\/hablemosdepiano.com\/index.php\/piano-digital-korg\/\">Korg<\/a><\/li>\n\n\n\n<li><a href=\"https:\/\/hablemosdepiano.com\/index.php\/piano-digital-alesis\/\">Alesis<\/a><\/li>\n\n\n\n<li>Nord<\/li>\n\n\n\n<li>Dexibell<\/li>\n\n\n\n<li>RockJam<\/li>\n\n\n\n<li>Donner<\/li>\n<\/ol>\n\n\n\n<div style=\"height:33px\" aria-hidden=\"true\" class=\"wp-block-spacer\"><\/div>\n\n\n\n<h2 class=\"wp-block-heading\">\u00bfQu\u00e9 es un piano electr\u00f3nico?<\/h2>\n\n\n\n<p>Un piano electr\u00f3nico, o piano digital, es un<strong>&nbsp;instrumento musical electr\u00f3nico<\/strong>&nbsp;que emula a un <strong>piano anal\u00f3gico<\/strong>, <strong>piano de pared<\/strong>, o <strong>piano de cola<\/strong>, a trav\u00e9s de la emisi\u00f3n del sonido por los altavoces del equipo, y con el que puedes <a rel=\"noreferrer noopener\" href=\"http:\/\/www.elprofedepiano.com\" target=\"_blank\">aprender a tocar el piano<\/a> y tambi\u00e9n tocar a nivel profesional. Aqu\u00ed tienes m\u00e1s informaci\u00f3n si quieres saber&nbsp;<a href=\"https:\/\/hablemosdepiano.com\/index.php\/piano-digital-para-que-sirve\/\" data-type=\"URL\" data-id=\"www.hablemosdepiano.com\/para-que\" target=\"_blank\" rel=\"noreferrer noopener\">para qu\u00e9 sirve<\/a>.<\/p>\n\n\n\n<div style=\"height:32px\" aria-hidden=\"true\" class=\"wp-block-spacer\"><\/div>\n\n\n\n<h2 class=\"wp-block-heading\">Ventajas y desventajas del uso de pianos digitales<\/h2>\n\n\n\n<p>Poder tocar el piano con un sonido de calidad y profesional con un buen instrumento a un precio accesible a cada bolsillo es, sin lugar a dudas, el mayor beneficio de usar un piado digital.<\/p>\n\n\n\n<p>A continuaci\u00f3n, encontrar\u00e1s todas las ventajas y desventajas de estos instrumentos:<\/p>\n\n\n\n<h3 class=\"wp-block-heading\">\u2705Beneficios<\/h3>\n\n\n\n<ul>\n<li>Volumen ajustable: Un piano electr\u00f3nico te permite ajustar el volumen para no molestar a los vecinos o a otros miembros de la casa, mientras que un piano ac\u00fastico puede ser demasiado ruidoso.<\/li>\n\n\n\n<li>Conexi\u00f3n de auriculares: Los pianos electr\u00f3nicos a menudo tienen una conexi\u00f3n para auriculares, lo que te permite practicar en silencio y sin molestar a nadie.<\/li>\n\n\n\n<li>Precio m\u00e1s asequible: En general, los pianos electr\u00f3nicos pueden ser m\u00e1s asequibles que los pianos ac\u00fasticos, especialmente si buscas un modelo b\u00e1sico.<\/li>\n\n\n\n<li>No necesitan afinaci\u00f3n: Los pianos ac\u00fasticos necesitan ser afinados regularmente, mientras que los pianos electr\u00f3nicos no tienen este problema.<\/li>\n\n\n\n<li>Variedad de sonidos: Un piano electr\u00f3nico te permite cambiar entre una variedad de sonidos de piano y otros instrumentos, lo que te da m\u00e1s posibilidades para experimentar y crear m\u00fasica.<\/li>\n\n\n\n<li>Son m\u00e1s compactos: Los pianos electr\u00f3nicos son m\u00e1s compactos y ligeros que los pianos ac\u00fasticos, lo que los hace m\u00e1s f\u00e1ciles de transportar y de situar en nuestra casa.<\/li>\n\n\n\n<li>Integraci\u00f3n con tecnolog\u00eda: Los pianos electr\u00f3nicos a menudo tienen caracter\u00edsticas como la conectividad MIDI, lo que te permite integrarlos con software de grabaci\u00f3n de m\u00fasica y otros dispositivos electr\u00f3nicos.<\/li>\n\n\n\n<li>No requieren espacio adicional para el sonido: Un piano ac\u00fastico necesita espacio adicional para que el sonido se proyecte y se escuche bien, mientras que un piano electr\u00f3nico no tiene este requisito.<\/li>\n\n\n\n<li>Grabaci\u00f3n y reproducci\u00f3n: la mayor\u00eda de los pianos digitales permiten la grabaci\u00f3n de tu interpretaci\u00f3n para que puedas escucharla despu\u00e9s y evaluar tu progreso. Tambi\u00e9n puedes reproducir la m\u00fasica grabada para disfrutarla o compartirla con otros.<\/li>\n\n\n\n<li>Conexi\u00f3n a dispositivos electr\u00f3nicos: muchos pianos electr\u00f3nicos tienen la capacidad de conectarse a dispositivos electr\u00f3nicos como tabletas o computadoras, lo que permite una experiencia de aprendizaje interactiva y m\u00e1s personalizada.<\/li>\n<\/ul>\n\n\n\n<h3 class=\"wp-block-heading\">\u274cDesventajas<\/h3>\n\n\n\n<ul>\n<li>Sensaci\u00f3n de tocar: aunque los pianos digitales simulan muy bien la sensaci\u00f3n de tocar un piano ac\u00fastico, algunos <strong>pianistas profesionales<\/strong> pueden notar una diferencia en la respuesta de las teclas y en la sensaci\u00f3n general de tocar.<\/li>\n\n\n\n<li>Sonido: aunque los pianos digitales pueden reproducir una amplia variedad de sonidos y efectos, algunos pianistas profesionales pueden notar que el sonido no es tan rico o completo como el de un piano ac\u00fastico.<\/li>\n\n\n\n<li>Valor de reventa: los pianos digitales suelen tener una vida \u00fatil m\u00e1s corta que los pianos ac\u00fasticos, ya que son instrumentos electr\u00f3nicos, y la tecnolog\u00eda digital avanza r\u00e1pidamente, y por tanto los modelos m\u00e1s nuevos pueden volver obsoletos a los modelos anteriores en poco tiempo. Por otro lado, los pianos ac\u00fasticos pueden durar varias d\u00e9cadas con el mantenimiento adecuado y a menudo mantienen su valor a lo largo del tiempo.<\/li>\n<\/ul>\n\n\n\n<div style=\"height:33px\" aria-hidden=\"true\" class=\"wp-block-spacer\"><\/div>\n\n\n\n<h2 class=\"wp-block-heading\">C\u00f3mo decidir qu\u00e9 piano digital comprar para tu aprendizaje<\/h2>\n\n\n\n<p>Elegir el modelo adecuado puede ser complicado, pues&nbsp;<strong>no solo debe basarse en las opiniones de los usuarios<\/strong>&nbsp;para comprar un piano digital.<\/p>\n\n\n\n<p>Debes pensar, y&nbsp;<strong>valorar tus propias necesidades<\/strong>, para adquirir uno que las cubra y te garantice lo que t\u00fa necesitas ahora mismo y en un futuro. En este apartado te hemos preparado algunos criterios de compra que te servir\u00e1n como consejos para escoger la mejor opci\u00f3n:<\/p>\n\n\n\n<h3 class=\"wp-block-heading\">\ud83d\udcd6 Modo de uso<\/h3>\n\n\n\n<p>El modo de uso se refiere al tipo de uso que le vas a dar al instrumento. Hay modelos de pianos digitales que pueden <strong>funcionar con bater\u00edas<\/strong> y otros (la mayor\u00eda) que deben ser <strong>conectados a la corriente<\/strong>.&nbsp;Tambi\u00e9n los hay <strong>port\u00e1tiles <\/strong>para poder llev\u00e1rtelos de viaje. Es importante decidir bien sobre el uso que le vas a dar al instrumento.<\/p>\n\n\n\n<h3 class=\"wp-block-heading\">\ud83c\udfb6 Polifon\u00eda<\/h3>\n\n\n\n<p>La polifon\u00eda es el n\u00famero m\u00e1ximo de sonidos que el piano digital puede hacer sonar al mismo tiempo. Es importante conocer la polifon\u00eda del instrumento, ya que no es lo mismo que toque un principiante a que toque una persona que lleve ya 3 a\u00f1os <a href=\"http:\/\/www.elprofedepiano.com\" target=\"_blank\" rel=\"noreferrer noopener\">estudiando piano<\/a>. Por tanto, este dato es fundamental si no quieres tener que cambiar de piano electr\u00f3nico al poco tiempo de hab\u00e9rtelo comprado.<\/p>\n\n\n\n<h3 class=\"wp-block-heading\">\ud83c\udfb9 Tipo de tecla<\/h3>\n\n\n\n<p>Es importante se\u00f1alar que&nbsp;<strong>no todos los pianos electr\u00f3nicos cuentan con el mismo mecanismo en las teclas<\/strong>. Y es un detalle fundamental a tener en cuenta.<\/p>\n\n\n\n<p>Las necesidades de cada persona son diferentes, y tambi\u00e9n las necesidades de cada uso. Por ejemplo, no es lo mismo comprar un piano electr\u00f3nico para poner en una academia y que los alumnos principiantes comiencen a aprender a tocar, que para tenerlo en casa y que nos sirva desde nivel cero y que nos vaya acompa\u00f1ando en cada nivel de aprendizaje.&nbsp;<\/p>\n\n\n\n<h3 class=\"wp-block-heading\">\ud83d\udee0\ufe0f Accesorios<\/h3>\n\n\n\n<p>En lugar de pensar en \u201cla cantidad\u201d, piensa m\u00e1s en \u201cel uso que pueda darles\u201d. En otras palabras,&nbsp;<strong>no te decantes por el piano electr\u00f3nico que traiga m\u00e1s botones, sino el que posea aquellos que vayas a utilizar<\/strong>&nbsp;y realmente te sean \u00fatiles para conseguir lo que deseas de este instrumento.&nbsp;<\/p>\n\n\n\n<div style=\"height:35px\" aria-hidden=\"true\" class=\"wp-block-spacer\"><\/div>\n\n\n\n<h2 class=\"wp-block-heading\">\u00bfQu\u00e9 diferencias hay entre un piano digital y un piano ac\u00fastico?<\/h2>\n\n\n\n<figure class=\"wp-block-embed is-type-video is-provider-youtube wp-block-embed-youtube wp-embed-aspect-16-9 wp-has-aspect-ratio\"><div class=\"wp-block-embed__wrapper\">\n<div class=\"ast-oembed-container\" style=\"height: 100%;\"><iframe loading=\"lazy\" title=\"QUE PIANO COMPRAR para aprender a tocar - Piano digital vs Piano ac\u00fastico\" width=\"500\" height=\"281\" src=\"https:\/\/www.youtube.com\/embed\/ERcU5vf9byI?feature=oembed\" frameborder=\"0\" allow=\"accelerometer; autoplay; clipboard-write; encrypted-media; gyroscope; picture-in-picture; web-share\" allowfullscreen><\/iframe><\/div>\n<\/div><\/figure>\n\n\n\n<div style=\"height:33px\" aria-hidden=\"true\" class=\"wp-block-spacer\"><\/div>\n\n\n\n<h2 class=\"wp-block-heading\">Algunas cuestiones de inter\u00e9s sobre pianos digitales<\/h2>\n\n\n\n<h3 class=\"wp-block-heading\">\u00bfCu\u00e1nto tiempo se puede utilizar al d\u00eda un piano electr\u00f3nico?<\/h3>\n\n\n\n<p>En general, no hay un tiempo m\u00e1ximo establecido para usar un piano electr\u00f3nico. Sin embargo, se recomienda no exceder las horas de pr\u00e1ctica diarias para evitar fatiga muscular y otros problemas de salud relacionados con la postura y el uso prolongado de las manos y los dedos<\/p>\n\n\n\n<h3 class=\"wp-block-heading\">\u00bfCon un piano digital se puede aprender a tocar el piano correctamente?<\/h3>\n\n\n\n<p>S\u00ed, se puede aprender a tocar el piano correctamente con un piano digital siempre y cuando se elija un modelo con teclas contrapesadas y sensibles al tacto para simular la sensaci\u00f3n de tocar un piano ac\u00fastico. Adem\u00e1s, los pianos digitales suelen tener la ventaja de contar con diferentes funciones y herramientas educativas para el aprendizaje, como metr\u00f3nomos, grabadoras y lecciones integradas.<\/p>\n\n\n\n<h3 class=\"wp-block-heading\">\u00bfEs importante que el piano digital tenga muchos accesorios?<\/h3>\n\n\n\n<p>A la hora de comprar un piano digital no pienses en la cantidad de accesorios que trae, sino en el uso que le vayas a dar. A mayor cantidad de accesorios, mayor ser\u00e1 su precio.<\/p>\n\n\n\n<h3 class=\"wp-block-heading\">\u00bfExiste alguna alternativa a los pianos digitales?<\/h3>\n\n\n\n<p>La \u00fanica alternativa existente es un piano ac\u00fastico. Las apps para aprender no sirven y s\u00f3lo vas a conseguir perder tu tiempo y tu dinero.<\/p>\n\n\n\n<div style=\"height:34px\" aria-hidden=\"true\" class=\"wp-block-spacer\"><\/div>\n\n\n\n<h2 class=\"wp-block-heading\">Consejos y trucos sobre pianos electr\u00f3nicos<\/h2>\n\n\n\n<p>Conoce&nbsp;<strong>todo lo que necesitas saber sobre pianos electr\u00f3nicos&nbsp;<\/strong>con nuestros art\u00edculos.<\/p>\n\n\n\n<div style=\"height:33px\" aria-hidden=\"true\" class=\"wp-block-spacer\"><\/div>\n\n\n\n<h2 class=\"wp-block-heading\">\u00bfQuieres aprender a tocar el piano?<\/h2>\n\n\n\n<p>Si buscas c\u00f3mo aprender a tocar el piano, pulsa sobre la siguiente imagen y accede al mejor curso de piano desde cero que vas a encontrar en Internet y fuera de Internet.<\/p>\n\n\n\n<figure class=\"wp-block-image aligncenter size-full\"><a href=\"https:\/\/elprofedepiano.com\/\" target=\"_blank\" rel=\"noreferrer noopener\"><img decoding=\"async\" loading=\"lazy\" width=\"777\" height=\"432\" src=\"https:\/\/hablemosdepiano.com\/wp-content\/uploads\/2023\/04\/IMAGEN-PRODUCTO.png\" alt=\"\" class=\"wp-image-112\" srcset=\"https:\/\/hablemosdepiano.com\/wp-content\/uploads\/2023\/04\/IMAGEN-PRODUCTO.png 777w, https:\/\/hablemosdepiano.com\/wp-content\/uploads\/2023\/04\/IMAGEN-PRODUCTO-300x167.png 300w, https:\/\/hablemosdepiano.com\/wp-content\/uploads\/2023\/04\/IMAGEN-PRODUCTO-768x427.png 768w\" sizes=\"(max-width: 777px) 100vw, 777px\" \/><\/a><\/figure>\n\n\n\n<div style=\"height:34px\" aria-hidden=\"true\" class=\"wp-block-spacer\"><\/div>\n","protected":false},"excerpt":{"rendered":"<p>Consigue el mejor piano electr\u00f3nico adaptado a tus necesidades. Accede a los&nbsp;mejores precios, compara&nbsp;opiniones&nbsp;y&nbsp;conoce con nuestras&nbsp;rese\u00f1as, todo lo que necesitas saber para conseguir el mejor instrumento digital con el presupuesto que tengas. An\u00e1lisis de los mejores pianos electr\u00f3nicos de 2023 Haz clic&nbsp;en las im\u00e1genes siguientes para&nbsp;leer las rese\u00f1as&nbsp;de los mejores pianos digitales del momento. Cat\u00e1logo &hellip;<\/p>\n<p class=\"read-more\"> <a class=\"\" href=\"https:\/\/hablemosdepiano.com\/\"> <span class=\"screen-reader-text\">\u00bfEst\u00e1s buscando un piano electr\u00f3nico?<\/span> Leer m\u00e1s &raquo;<\/a><\/p>\n","protected":false},"author":1,"featured_media":0,"parent":0,"menu_order":0,"comment_status":"closed","ping_status":"closed","template":"","meta":{"site-sidebar-layout":"default","site-content-layout":"default","ast-global-header-display":"","ast-main-header-display":"","ast-hfb-above-header-display":"","ast-hfb-below-header-display":"","ast-hfb-mobile-header-display":"","site-post-title":"","ast-breadcrumbs-content":"","ast-featured-img":"","footer-sml-layout":"","theme-transparent-header-meta":"","adv-header-id-meta":"","stick-header-meta":"","header-above-stick-meta":"","header-main-stick-meta":"","header-below-stick-meta":""},"_links":{"self":[{"href":"https:\/\/hablemosdepiano.com\/index.php\/wp-json\/wp\/v2\/pages\/8"}],"collection":[{"href":"https:\/\/hablemosdepiano.com\/index.php\/wp-json\/wp\/v2\/pages"}],"about":[{"href":"https:\/\/hablemosdepiano.com\/index.php\/wp-json\/wp\/v2\/types\/page"}],"author":[{"embeddable":true,"href":"https:\/\/hablemosdepiano.com\/index.php\/wp-json\/wp\/v2\/users\/1"}],"replies":[{"embeddable":true,"href":"https:\/\/hablemosdepiano.com\/index.php\/wp-json\/wp\/v2\/comments?post=8"}],"version-history":[{"count":35,"href":"https:\/\/hablemosdepiano.com\/index.php\/wp-json\/wp\/v2\/pages\/8\/revisions"}],"predecessor-version":[{"id":397,"href":"https:\/\/hablemosdepiano.com\/index.php\/wp-json\/wp\/v2\/pages\/8\/revisions\/397"}],"wp:attachment":[{"href":"https:\/\/hablemosdepiano.com\/index.php\/wp-json\/wp\/v2\/media?parent=8"}],"curies":[{"name":"wp","href":"https:\/\/api.w.org\/{rel}","templated":true}]}}