{"id":369,"date":"2023-04-13T09:01:41","date_gmt":"2023-04-13T09:01:41","guid":{"rendered":"https:\/\/hablemosdepiano.com\/?page_id=369"},"modified":"2023-04-13T09:10:42","modified_gmt":"2023-04-13T09:10:42","slug":"resena-roland-fp-60x-piano-digital","status":"publish","type":"page","link":"https:\/\/hablemosdepiano.com\/index.php\/resena-roland-fp-60x-piano-digital\/","title":{"rendered":"Rese\u00f1a Roland FP-60X Piano Digital"},"content":{"rendered":"\n<figure class=\"wp-block-image aligncenter size-full\"><img decoding=\"async\" loading=\"lazy\" width=\"970\" height=\"257\" src=\"https:\/\/hablemosdepiano.com\/wp-content\/uploads\/2023\/04\/Piano-Digital-Roland-FP60X-cabecera-e1681376796673.png\" alt=\"\" class=\"wp-image-377\" srcset=\"https:\/\/hablemosdepiano.com\/wp-content\/uploads\/2023\/04\/Piano-Digital-Roland-FP60X-cabecera-e1681376796673.png 970w, https:\/\/hablemosdepiano.com\/wp-content\/uploads\/2023\/04\/Piano-Digital-Roland-FP60X-cabecera-e1681376796673-300x79.png 300w, https:\/\/hablemosdepiano.com\/wp-content\/uploads\/2023\/04\/Piano-Digital-Roland-FP60X-cabecera-e1681376796673-768x203.png 768w\" sizes=\"(max-width: 970px) 100vw, 970px\" \/><\/figure>\n\n\n\n<p>Roland FP-60X Piano Digital de gama media con sonidos mejorados, altavoces potentes y detallados efectos de ambiente.<\/p>\n\n\n\n<div class=\"wp-block-buttons is-content-justification-center is-layout-flex wp-container-1\">\n<div class=\"wp-block-button has-custom-font-size is-style-fill has-medium-font-size\"><a class=\"wp-block-button__link has-black-color has-luminous-vivid-amber-background-color has-text-color has-background wp-element-button\" href=\"https:\/\/amzn.to\/43thrxS\" style=\"border-radius:0px\" target=\"_blank\" rel=\"https:\/\/amzn.to\/3MpJ8kX noopener\">Comprar en AMAZON<\/a><\/div>\n<\/div>\n\n\n\n<div style=\"height:31px\" aria-hidden=\"true\" class=\"wp-block-spacer\"><\/div>\n\n\n\n<figure class=\"wp-block-gallery has-nested-images columns-default is-cropped wp-block-gallery-2 is-layout-flex\">\n<figure class=\"wp-block-image size-large\"><img decoding=\"async\" loading=\"lazy\" width=\"1024\" height=\"680\" data-id=\"372\"  src=\"https:\/\/hablemosdepiano.com\/wp-content\/uploads\/2023\/04\/Piano-Digital-Roland-FP60X-03-1024x680.jpg\" alt=\"\" class=\"wp-image-372\" srcset=\"https:\/\/hablemosdepiano.com\/wp-content\/uploads\/2023\/04\/Piano-Digital-Roland-FP60X-03-1024x680.jpg 1024w, https:\/\/hablemosdepiano.com\/wp-content\/uploads\/2023\/04\/Piano-Digital-Roland-FP60X-03-300x199.jpg 300w, https:\/\/hablemosdepiano.com\/wp-content\/uploads\/2023\/04\/Piano-Digital-Roland-FP60X-03-768x510.jpg 768w, https:\/\/hablemosdepiano.com\/wp-content\/uploads\/2023\/04\/Piano-Digital-Roland-FP60X-03.jpg 1500w\" sizes=\"(max-width: 1024px) 100vw, 1024px\" \/><\/figure>\n\n\n\n<figure class=\"wp-block-image size-large\"><img decoding=\"async\" loading=\"lazy\" width=\"1024\" height=\"635\" data-id=\"374\"  src=\"https:\/\/hablemosdepiano.com\/wp-content\/uploads\/2023\/04\/Piano-Digital-Roland-FP60X-04-1024x635.jpg\" alt=\"\" class=\"wp-image-374\" srcset=\"https:\/\/hablemosdepiano.com\/wp-content\/uploads\/2023\/04\/Piano-Digital-Roland-FP60X-04-1024x635.jpg 1024w, https:\/\/hablemosdepiano.com\/wp-content\/uploads\/2023\/04\/Piano-Digital-Roland-FP60X-04-300x186.jpg 300w, https:\/\/hablemosdepiano.com\/wp-content\/uploads\/2023\/04\/Piano-Digital-Roland-FP60X-04-768x476.jpg 768w, https:\/\/hablemosdepiano.com\/wp-content\/uploads\/2023\/04\/Piano-Digital-Roland-FP60X-04.jpg 1500w\" sizes=\"(max-width: 1024px) 100vw, 1024px\" \/><\/figure>\n\n\n\n<figure class=\"wp-block-image size-large\"><img decoding=\"async\" loading=\"lazy\" width=\"1024\" height=\"802\" data-id=\"375\"  src=\"https:\/\/hablemosdepiano.com\/wp-content\/uploads\/2023\/04\/Piano-Digital-Roland-FP60X-06-1024x802.jpg\" alt=\"\" class=\"wp-image-375\" srcset=\"https:\/\/hablemosdepiano.com\/wp-content\/uploads\/2023\/04\/Piano-Digital-Roland-FP60X-06-1024x802.jpg 1024w, https:\/\/hablemosdepiano.com\/wp-content\/uploads\/2023\/04\/Piano-Digital-Roland-FP60X-06-300x235.jpg 300w, https:\/\/hablemosdepiano.com\/wp-content\/uploads\/2023\/04\/Piano-Digital-Roland-FP60X-06-768x602.jpg 768w, https:\/\/hablemosdepiano.com\/wp-content\/uploads\/2023\/04\/Piano-Digital-Roland-FP60X-06.jpg 1340w\" sizes=\"(max-width: 1024px) 100vw, 1024px\" \/><\/figure>\n\n\n\n<figure class=\"wp-block-image size-large\"><img decoding=\"async\" loading=\"lazy\" width=\"1024\" height=\"813\" data-id=\"373\"  src=\"https:\/\/hablemosdepiano.com\/wp-content\/uploads\/2023\/04\/Piano-Digital-Roland-FP60X-07-1024x813.jpg\" alt=\"\" class=\"wp-image-373\" srcset=\"https:\/\/hablemosdepiano.com\/wp-content\/uploads\/2023\/04\/Piano-Digital-Roland-FP60X-07-1024x813.jpg 1024w, https:\/\/hablemosdepiano.com\/wp-content\/uploads\/2023\/04\/Piano-Digital-Roland-FP60X-07-300x238.jpg 300w, https:\/\/hablemosdepiano.com\/wp-content\/uploads\/2023\/04\/Piano-Digital-Roland-FP60X-07-768x610.jpg 768w, https:\/\/hablemosdepiano.com\/wp-content\/uploads\/2023\/04\/Piano-Digital-Roland-FP60X-07.jpg 1322w\" sizes=\"(max-width: 1024px) 100vw, 1024px\" \/><\/figure>\n<\/figure>\n\n\n\n<div style=\"height:37px\" aria-hidden=\"true\" class=\"wp-block-spacer\"><\/div>\n\n\n\n<h2 class=\"wp-block-heading\">Caracter\u00edsticas del Piano Digital Roland FP-60X<\/h2>\n\n\n\n<figure class=\"wp-block-table\"><table><tbody><tr><td><strong>Marca<\/strong><\/td><td>Roland<\/td><\/tr><tr><td><strong>Color<\/strong><\/td><td>FP-60x negro<\/td><\/tr><tr><td><strong>N\u00famero de teclas<\/strong><\/td><td>88<\/td><\/tr><tr><td><strong>Peso del producto<\/strong><\/td><td>2.09 Kilogramos<\/td><\/tr><tr><td><strong>Dimensiones del producto: largo x ancho x alto<\/strong><\/td><td>141.3 x 50.2 x 27.1 cent\u00edmetros<\/td><\/tr><tr><td><strong>Estilo<\/strong><\/td><td>FP-60X<\/td><\/tr><tr><td><strong>Tipo de conector<\/strong><\/td><td>MIDI USB<\/td><\/tr><tr><td><strong>Tecnolog\u00eda de conectividad<\/strong><\/td><td>Bluetooth, USB<\/td><\/tr><\/tbody><\/table><\/figure>\n\n\n\n<figure class=\"wp-block-image aligncenter size-large\"><img decoding=\"async\" loading=\"lazy\" width=\"1024\" height=\"272\" src=\"https:\/\/hablemosdepiano.com\/wp-content\/uploads\/2023\/04\/Piano-Digital-Roland-FP60X-01-1024x272.jpg\" alt=\"\" class=\"wp-image-379\" srcset=\"https:\/\/hablemosdepiano.com\/wp-content\/uploads\/2023\/04\/Piano-Digital-Roland-FP60X-01-1024x272.jpg 1024w, https:\/\/hablemosdepiano.com\/wp-content\/uploads\/2023\/04\/Piano-Digital-Roland-FP60X-01-300x80.jpg 300w, https:\/\/hablemosdepiano.com\/wp-content\/uploads\/2023\/04\/Piano-Digital-Roland-FP60X-01-768x204.jpg 768w, https:\/\/hablemosdepiano.com\/wp-content\/uploads\/2023\/04\/Piano-Digital-Roland-FP60X-01.jpg 1500w\" sizes=\"(max-width: 1024px) 100vw, 1024px\" \/><\/figure>\n\n\n\n<div style=\"height:31px\" aria-hidden=\"true\" class=\"wp-block-spacer\"><\/div>\n\n\n\n<h2 class=\"wp-block-heading\">M\u00e1s sobre el Piano Digital Roland FP-60X<\/h2>\n\n\n\n<ul>\n<li>Cuidada selecci\u00f3n de sonidos integrados para cualquier g\u00e9nero musical, como pianos el\u00e9ctricos, \u00f3rganos, cuerdas y sintetizadores<\/li>\n\n\n\n<li>La funci\u00f3n integrada Piano Designer ofrece personalizaci\u00f3n avanzada del sonido de piano<\/li>\n\n\n\n<li>Sistema de altavoces est\u00e9reo de 26 vatios integrado con un sonido rico y profundo<\/li>\n\n\n\n<li>Funci\u00f3n Headphones 3D Ambience para disfrutar de un sonido natural en sesiones de pr\u00e1ctica privadas<\/li>\n\n\n\n<li>Aspecto moderno y atractivo, basado en el premiado dise\u00f1o de la generaci\u00f3n anterior de la serie FP<\/li>\n\n\n\n<li>Conexi\u00f3n de audio y MIDI por Bluetooth y USB<\/li>\n\n\n\n<li>Dos jacks de auriculares para tocar a cuatro manos y facilitar la interacci\u00f3n entre alumno y profesor<\/li>\n\n\n\n<li>Entrada de micro y efectos de voz<\/li>\n\n\n\n<li>Soportes y pedaleras triples opcionales para configuraci\u00f3n vertical (KSC-72, KPD-90) o uso port\u00e1til (KS-20X, RPU-3)<\/li>\n<\/ul>\n\n\n\n<div style=\"height:31px\" aria-hidden=\"true\" class=\"wp-block-spacer\"><\/div>\n\n\n\n<figure class=\"wp-block-image aligncenter size-full\"><img decoding=\"async\" loading=\"lazy\" width=\"970\" height=\"600\" src=\"https:\/\/hablemosdepiano.com\/wp-content\/uploads\/2023\/04\/Piano-Digital-Roland-FP60X-08.png\" alt=\"\" class=\"wp-image-376\" srcset=\"https:\/\/hablemosdepiano.com\/wp-content\/uploads\/2023\/04\/Piano-Digital-Roland-FP60X-08.png 970w, https:\/\/hablemosdepiano.com\/wp-content\/uploads\/2023\/04\/Piano-Digital-Roland-FP60X-08-300x186.png 300w, https:\/\/hablemosdepiano.com\/wp-content\/uploads\/2023\/04\/Piano-Digital-Roland-FP60X-08-768x475.png 768w\" sizes=\"(max-width: 970px) 100vw, 970px\" \/><\/figure>\n\n\n\n<h2 class=\"wp-block-heading\">Todas las Ventajas del Piano Digital Roland FP-60X<\/h2>\n\n\n\n<h5 class=\"wp-block-heading\">Un din\u00e1mico teclado PHA-4 Standard que se toca como un piano de cola ac\u00fastico.<\/h5>\n\n\n\n<p>Un piano port\u00e1til tambi\u00e9n deber\u00eda ofrecer una ejecuci\u00f3n magn\u00edfica, y el FP-60X lo hace de largo. El teclado PHA-4 Standard te ofrece la acci\u00f3n martillo y el escape de un fant\u00e1stico instrumento ac\u00fastico, incluido el sutil \u00abchasquido\u00bb que notas al pulsar una tecla.<\/p>\n\n\n\n<p>Un completo rango de 88 teclas Ivory Feel te permite componer sin l\u00edmites y tocar las piezas m\u00e1s exigentes con todo lujo de detalles gracias al minucioso y expresivo generador SuperNATURAL.<\/p>\n\n\n\n<figure class=\"wp-block-image aligncenter size-large\"><img decoding=\"async\" loading=\"lazy\" width=\"1024\" height=\"100\" src=\"https:\/\/hablemosdepiano.com\/wp-content\/uploads\/2023\/04\/Piano-Digital-Roland-FP60X-05-1024x100.jpg\" alt=\"\" class=\"wp-image-380\" srcset=\"https:\/\/hablemosdepiano.com\/wp-content\/uploads\/2023\/04\/Piano-Digital-Roland-FP60X-05-1024x100.jpg 1024w, https:\/\/hablemosdepiano.com\/wp-content\/uploads\/2023\/04\/Piano-Digital-Roland-FP60X-05-300x29.jpg 300w, https:\/\/hablemosdepiano.com\/wp-content\/uploads\/2023\/04\/Piano-Digital-Roland-FP60X-05-768x75.jpg 768w, https:\/\/hablemosdepiano.com\/wp-content\/uploads\/2023\/04\/Piano-Digital-Roland-FP60X-05.jpg 1500w\" sizes=\"(max-width: 1024px) 100vw, 1024px\" \/><\/figure>\n\n\n\n<h3 class=\"wp-block-heading\">Encuentra tu sonido con SuperNATURAL y Piano Designer.<\/h3>\n\n\n\n<p>El FP-60X usa la aclamada tecnolog\u00eda SuperNATURAL Piano de Roland para capturar cada matiz de tu estilo interpretativo, desde un sutil pianissimo hasta un atronador fortissimo. Si quieres ir m\u00e1s lejos, puedes esculpir y adaptar a fondo el sonido ajustando los graves, medios y agudos mediante el panel del ecualizador y la funci\u00f3n integrada Piano Designer para ajustar con precisi\u00f3n el sonido de cada nota. Adem\u00e1s, el FP-60X presenta la funci\u00f3n My Stage, que combina una meticulosa selecci\u00f3n de sonidos de piano y tipos de ambiente para ofrecer la experiencia inmersiva de tocar en distintos recintos, desde intimistas locales de ensayo hasta atmosf\u00e9ricos auditorios.<\/p>\n\n\n\n<h3 class=\"wp-block-heading\">Toca o practica con potentes altavoces y Headphones 3D Ambience.<\/h3>\n\n\n\n<p>El FP-60X est\u00e1 dise\u00f1ado para actuar en vivo y practicar en privado. Si tocas en un recinto peque\u00f1o, notar\u00e1s la potencia del sistema de altavoces est\u00e9reo a medida, que te ofrece una imponente expresividad en todo el rango sonoro del piano. Y si practicas en solitario, la funci\u00f3n Headphones 3D Ambience te permite sumergirte en un inmersivo campo sonoro en el que el sonido parece salir del coraz\u00f3n del instrumento, y no de los auriculares.<\/p>\n\n\n\n<figure class=\"wp-block-image aligncenter size-large\"><img decoding=\"async\" loading=\"lazy\" width=\"1024\" height=\"516\" src=\"https:\/\/hablemosdepiano.com\/wp-content\/uploads\/2023\/04\/Piano-Digital-Roland-FP60X-02-1024x516.jpg\" alt=\"\" class=\"wp-image-378\" srcset=\"https:\/\/hablemosdepiano.com\/wp-content\/uploads\/2023\/04\/Piano-Digital-Roland-FP60X-02-1024x516.jpg 1024w, https:\/\/hablemosdepiano.com\/wp-content\/uploads\/2023\/04\/Piano-Digital-Roland-FP60X-02-300x151.jpg 300w, https:\/\/hablemosdepiano.com\/wp-content\/uploads\/2023\/04\/Piano-Digital-Roland-FP60X-02-768x387.jpg 768w, https:\/\/hablemosdepiano.com\/wp-content\/uploads\/2023\/04\/Piano-Digital-Roland-FP60X-02.jpg 1500w\" sizes=\"(max-width: 1024px) 100vw, 1024px\" \/><\/figure>\n\n\n\n<h3 class=\"wp-block-heading\">Compacto y listo para la expansi\u00f3n<\/h3>\n\n\n\n<p>Un piano de tama\u00f1o est\u00e1ndar suele requerir una habitaci\u00f3n dedicada a la m\u00fasica, pero el ultraport\u00e1til FP-60X se puede mover y almacenar f\u00e1cilmente como y cuando se quiera. Adem\u00e1s, este vers\u00e1til instrumento se puede expandir para actuar en vivo y emplear t\u00e9cnicas tradicionales gracias a los accesorios disponibles, como los soportes KSC-72 y KS-20X y las pedaleras triples KPD-90 y RPU-3. Y como un piano debe tener una est\u00e9tica a la altura de su sonido, el FP-60X comparte el moderno estilo que dio varios premios de dise\u00f1o internacionales a la anterior serie FP.<\/p>\n\n\n\n<h3 class=\"wp-block-heading\">Expande tu m\u00fasica con Bluetooth, USB y m\u00e1s.<\/h3>\n\n\n\n<p>El FP-60X abre un mundo de posibilidades con sus caracter\u00edsticas modernas y avanzadas. Con audio Bluetooth y un smartphone, puedes tocar con m\u00fasica emitida desde los potentes altavoces del piano o trabajar tu t\u00e9cnica con lecciones de piano online. Y con MIDI Bluetooth, puedes conectar con entretenidas apps de composici\u00f3n musical, como Zenbeats de Roland o GarageBand de Apple. Si te gusta cantar, conecta un micr\u00f3fono, a\u00f1ade efectos y amplifica tu voz por los altavoces, y reg\u00edstralo junto con el piano en la grabadora integrada. Por si fuera poco, el FP-60X ofrece conexi\u00f3n de audio\/MIDI USB, as\u00ed que puedes conectar con ordenadores y grabar pistas en software de producci\u00f3n musical profesional.<\/p>\n\n\n\n<div class=\"wp-block-buttons is-content-justification-center is-layout-flex wp-container-4\">\n<div class=\"wp-block-button has-custom-font-size is-style-fill has-medium-font-size\"><a class=\"wp-block-button__link has-black-color has-luminous-vivid-amber-background-color has-text-color has-background wp-element-button\" href=\"https:\/\/amzn.to\/43thrxS\" style=\"border-radius:0px\" target=\"_blank\" rel=\"https:\/\/amzn.to\/3MpJ8kX noopener\">Comprar en AMAZON<\/a><\/div>\n<\/div>\n","protected":false},"excerpt":{"rendered":"<p>Roland FP-60X Piano Digital de gama media con sonidos mejorados, altavoces potentes y detallados efectos de ambiente. Caracter\u00edsticas del Piano Digital Roland FP-60X Marca Roland Color FP-60x negro N\u00famero de teclas 88 Peso del producto 2.09 Kilogramos Dimensiones del producto: largo x ancho x alto 141.3 x 50.2 x 27.1 cent\u00edmetros Estilo FP-60X Tipo de &hellip;<\/p>\n<p class=\"read-more\"> <a class=\"\" href=\"https:\/\/hablemosdepiano.com\/index.php\/resena-roland-fp-60x-piano-digital\/\"> <span class=\"screen-reader-text\">Rese\u00f1a Roland FP-60X Piano Digital<\/span> Leer m\u00e1s &raquo;<\/a><\/p>\n","protected":false},"author":1,"featured_media":0,"parent":0,"menu_order":0,"comment_status":"closed","ping_status":"closed","template":"","meta":{"site-sidebar-layout":"default","site-content-layout":"default","ast-global-header-display":"","ast-main-header-display":"","ast-hfb-above-header-display":"","ast-hfb-below-header-display":"","ast-hfb-mobile-header-display":"","site-post-title":"","ast-breadcrumbs-content":"","ast-featured-img":"","footer-sml-layout":"","theme-transparent-header-meta":"","adv-header-id-meta":"","stick-header-meta":"","header-above-stick-meta":"","header-main-stick-meta":"","header-below-stick-meta":""},"_links":{"self":[{"href":"https:\/\/hablemosdepiano.com\/index.php\/wp-json\/wp\/v2\/pages\/369"}],"collection":[{"href":"https:\/\/hablemosdepiano.com\/index.php\/wp-json\/wp\/v2\/pages"}],"about":[{"href":"https:\/\/hablemosdepiano.com\/index.php\/wp-json\/wp\/v2\/types\/page"}],"author":[{"embeddable":true,"href":"https:\/\/hablemosdepiano.com\/index.php\/wp-json\/wp\/v2\/users\/1"}],"replies":[{"embeddable":true,"href":"https:\/\/hablemosdepiano.com\/index.php\/wp-json\/wp\/v2\/comments?post=369"}],"version-history":[{"count":3,"href":"https:\/\/hablemosdepiano.com\/index.php\/wp-json\/wp\/v2\/pages\/369\/revisions"}],"predecessor-version":[{"id":381,"href":"https:\/\/hablemosdepiano.com\/index.php\/wp-json\/wp\/v2\/pages\/369\/revisions\/381"}],"wp:attachment":[{"href":"https:\/\/hablemosdepiano.com\/index.php\/wp-json\/wp\/v2\/media?parent=369"}],"curies":[{"name":"wp","href":"https:\/\/api.w.org\/{rel}","templated":true}]}}